test common divisor of 377 and g?
29
Let a = 680 + 305. Let v = 1567 - a. What is the highest common divisor of v and 6?
6
Let t(v) = -v**2 + 2. Let d be t(0). Let s be ((-1)/d)/((-45)/450). Calculate the highest common factor of s and 35.
5
Let x be (-8)/3*(-858)/(-208)*-2. Calculate the highest common factor of 1375 and x.
11
Suppose 63*r - 76*r + 78 = 0. Suppose 0 = 3*g + r, 119 = 5*y - 4*g + 11. What is the greatest common divisor of 16 and y?
4
Let d = 37246 + -26068. Calculate the highest common divisor of d and 138.
138
Let u = 23177 - 15468. Let p = -4533 + u. Let t be p/36 + 4/(-18). Calculate the highest common factor of 11 and t.
11
Let y be (37 + 1*-2)*(-1404)/(-780). Calculate the greatest common factor of 15813 and y.
63
Let y be (570/(-665))/((1 - -1)/(-266)). What is the greatest common divisor of 874 and y?
38
Let k = 8444 - 8264. What is the greatest common divisor of 1836 and k?
36
Let h = -15838 - -16317. What is the highest common factor of h and 4?
1
Let g = -129 - -133. Suppose -48 = -g*s + 4*h, -5*s + 3*h + 57 = h. What is the greatest common divisor of 77 and s?
11
Suppose 1491*z = 1529*z - 532. What is the greatest common divisor of 50414 and z?
14
Let k(o) = o**3 - 32*o**2 - 144*o + 114. Let z be k(36). Suppose 0 = 2*q - 5*q + 570. What is the greatest common divisor of z and q?
38
Suppose -78050 = 34*m - 480*m. Let a(l) = -18*l - 8. Let t be a(-6). What is the greatest common divisor of m and t?
25
Let n be ((32 + -37)*(-92)/(-40))/(1/(-70)). What is the greatest common factor of 2660 and n?
35
Let n be 2/(-7) - (-704)/112. Let f be (n/(-4))/((-1)/18). Let b = -431 - -512. What is the highest common factor of b and f?
27
Suppose -3224*w = -3232*w + 600. What is the highest common factor of 275 and w?
25
Let z(y) = 2*y + 6. Let v be z(3). Suppose 0 = v*t - 11*t + 6. Let q be t*(-5)/(-20)*80/(-6). What is the greatest common factor of q and 50?
10
Let d = 14759 - 10504. Calculate the greatest common divisor of 690 and d.
115
Let u = 695 - 710. Let c be 1/3 + (-595)/u. What is the highest common factor of c and 180?
20
Let b be ((-1)/(-2)*-2)/((-54)/162). Suppose -4*s = 4*j - 156, -8*s + 11*s - 129 = b*j. What is the greatest common divisor of 656 and s?
41
Let o be 2 + -4 + 1 + (-42336)/(-32). Suppose -42*j + 3506 - o = 0. Calculate the greatest common factor of 884 and j.
52
Let b be (1 + (-59)/3)*(-263)/(11046/36). Let r = -3 + 3. Suppose -4*u + 2*u + 128 = r. Calculate the highest common divisor of u and b.
16
Suppose 0 = -6*q + 12*q + 48. Let x be (-1 + (-15)/(-10))*q. Let d = x - -22. Calculate the greatest common factor of d and 2.
2
Let d(n) = 189*n - 72. Let r be d(4). Suppose -11*a - 7*a + r = 0. What is the greatest common divisor of a and 418?
38
Suppose -17 = 358*y - 373*y + 28. What is the greatest common divisor of 453 and y?
3
Let w = 1670 - 913. Calculate the greatest common divisor of 1 and w.
1
Suppose -5*d = 5*w - 26 - 49, 5*d - w = 93. Suppose j = 109 - d. Let c be (-15)/(-4)*13/(j/56). Calculate the highest common divisor of 270 and c.
30
Suppose -i = 205*s - 203*s - 39, 3*i + 30 = s. Calculate the greatest common factor of 2940 and s.
21
Suppose -4*y + 8 = 0, -2*z + 0*z = -3*y - 234. Let s = -12 + z. Let b = 35 + s. What is the highest common divisor of b and 13?
13
Let t(d) = -3*d**3 + d**2 + 1. Let s(z) = 11*z**3 + 2*z**2 + 13*z - 32. Let g(k) = s(k) + 4*t(k). Let n be g(7). What is the highest common factor of 602 and n?
14
Let f be (-6690)/(-24) - (-8)/96*3. Calculate the greatest common divisor of f and 27.
9
Let c = 1137 + -1058. Calculate the highest common factor of 2844 and c.
79
Suppose -2*a = 2*o - 148, 5*a - 164 = 4*o - 433. Let q = o - 43. Let y be 96/q + (-12)/28. What is the highest common divisor of 7 and y?
1
Let u(x) be the second derivative of x**3/2 + x**2 - x. Let d = 607 - 607. Let b be u(d). Calculate the greatest common factor of b and 14.
2
Suppose -m + 92 - 26 = 0. Suppose 3*s - 218 = -5*k, 3*k - 4*k + 202 = 3*s. What is the highest common divisor of m and s?
66
Suppose 13*j - 473104 + 134129 = 0. What is the greatest common divisor of 175 and j?
175
Let g = 2580 + -2460. What is the highest common factor of 48 and g?
24
Let o = 28036 + -28021. Calculate the highest common divisor of o and 55.
5
Let u = -2034 + 2047. What is the highest common factor of 8593 and u?
13
Let r = 23 + -21. Suppose 3*z - r*z - 5*d - 15 = 0, 12 = -2*z - 4*d. Suppose z = n + 10*n - 814. Calculate the greatest common factor of 37 and n.
37
Let h = 126 + 2. Suppose -3*c - 2*c = 25, 3*m - 4*c - h = 0. Let t be 6*(-1)/(-2) - (-1 + -20). What is the highest common factor of m and t?
12
Suppose -8*p + 119040 = 32*p. Calculate the greatest common divisor of p and 651.
93
Let l(o) = -o**2 - o + 34. Let q be l(0). Suppose 3*d = 5*k + 1351, 2*k - 4585 = d - 5037. What is the greatest common factor of q and d?
34
Let v(k) = 10*k**2 - 283*k + 37. Let q be v(-21). What is the highest common factor of 5 and q?
5
Let s(n) = n**2 + 15*n + 49. Let u be s(-10). Let x be ((-100)/(-6))/u*4*-3. What is the greatest common factor of x and 240?
40
Suppose -21*q + 14*q = -6*q - 150. Calculate the highest common divisor of q and 850.
50
Suppose -2*f + 4*b + 30 = 0, -5*b - 150 + 66 = -4*f. Calculate the highest common divisor of 6169 and f.
31
Let r = 755 - 533. Calculate the greatest common divisor of 5439 and r.
111
Suppose -4*q = 4*g - 56, -7*g = -13*q - 2*g + 200. Calculate the greatest common factor of q and 14790.
15
Let l(b) = -3510*b**3 - b**2 - 30*b - 30. Let z be l(-1). Calculate the highest common divisor of z and 242.
121
Let q = 99 + -94. Suppose q + 19 = 4*s. Let h be 3 + -3*(-218)/s. Calculate the greatest common divisor of h and 32.
16
Suppose 67*n - 68*n - 4 = 0, 4*l - 3*n = 732. What is the highest common factor of 640 and l?
20
Let v be 1/((-1)/(-255) - 0). Let u = -231 + v. What is the greatest common divisor of 48 and u?
24
Suppose -77 = -d - 4*h + 2*h, 20 = 4*h. Let u = d + 8. Suppose 2*k + 25 = u. Calculate the highest common divisor of 5 and k.
5
Suppose -4*u + 336 = 4*r, r - 3*u = 58 + 34. Suppose 37 + r = 3*p. Calculate the greatest common divisor of 369 and p.
41
Let v = -80 - -84. Suppose 2*p = -k + p + 125, v*k = -2*p + 498. Let a be 0 + -2 + k/2. What is the greatest common divisor of 20 and a?
20
Suppose 0 = 31*w - 32*w + 2440 - 876. What is the highest common divisor of w and 230?
46
Suppose 4*k = q - 275, -3*q + 510 = k - 328. Let i = q - 162. Suppose -17*g = -21*g + 52. What is the highest common factor of i and g?
13
Suppose -3*u - 4 = 14, -3*u = 5*t - 132. Calculate the highest common divisor of 3165 and t.
15
Let a = 40 - 48. Let j = -8 - a. Let r be (2 + (-3 - j))/(-1) - -94. What is the greatest common divisor of 38 and r?
19
Let a = 12726 + -12717. What is the highest common factor of 18 and a?
9
Let l = -138 + 184. Let a = l - 29. Calculate the greatest common factor of a and 17.
17
Suppose 14*v - 28*v = 20*v - 32130. What is the highest common divisor of 546 and v?
21
Let o be (-7 + 10)*2/3 + 173. Let n = 209 + o. Suppose 3*x - 801 = -4*p - 0*x, 4*x = 2*p - n. What is the highest common factor of 22 and p?
22
Let u be 18/(-15)*(-15)/6. Suppose 5*y - u*z - 75 = 0, -44 = -3*y + 12*z - 10*z. What is the greatest common factor of 12 and y?
6
Suppose -31 = -v - 5*y, -104 = -2*v + 3*y + y. Let i = v + 2. What is the highest common factor of 24 and i?
24
Let b(s) = -320*s - 6237. Let o be b(-21). What is the greatest common factor of 5037 and o?
69
Let q be 6/4 - (7683/(-26) + 11). Let a(g) = g**2 + 8*g - 22. Let r be a(-12). What is the highest common divisor of r and q?
26
Let m be (-198)/(-33) + 276/2. Suppose -m*l + 190 = -143*l. Calculate the highest common factor of 38 and l.
38
Let l(t) = -t**2 + 20*t + 108. Suppose 0 = -2*z + 4*c + 49 + 9, 52 = 2*z - 2*c. Let v be l(z). What is the highest common divisor of v and 507?
39
Suppose 4*t = -110 + 506. Suppose -t = -3*r - 2*o, 46 = 4*r - 3*r + 5*o. Calculate the greatest common divisor of r and 62.
31
Let k = -7933 - -8458. Let l(x) = x**2 + 150. Let w be l(0). Calculate the greatest common factor of w and k.
75
Let b(g) = 3*g**3 - 5*g. Let s be b(-4). Let t = s + 183. What is the greatest common factor of 132 and t?
11
Let z(y)